{"id":985,"date":"2024-01-10T10:13:11","date_gmt":"2024-01-10T09:13:11","guid":{"rendered":"https:\/\/gb.iut-amiens.fr\/?page_id=985"},"modified":"2024-01-10T10:16:17","modified_gmt":"2024-01-10T09:16:17","slug":"faq","status":"publish","type":"page","link":"https:\/\/gb.iut-amiens.fr\/?page_id=985","title":{"rendered":"FAQ"},"content":{"rendered":"<div class=\"tds-message-box box-info \"><\/p>\n<h2><span style=\"color: #89be39;\">Questions fr\u00e9quentes \u00e0 propos du BUT<br \/>\n<\/span><\/h2>\n<p><\/div>\n<div id=\"faq-936\" class=\"arconix-faq-wrap\"><div id=\"faq-QuelleestladiffrenceentreunBachelordrsquounecolepriveetleBachelorUniversitairedeTechnologie\" class=\"arconix-faq-title faq-closed\">Quelle est la diff\u00e9rence entre un Bachelor d&rsquo;une \u00e9cole priv\u00e9e et le Bachelor Universitaire de Technologie ?<\/div><div class=\"arconix-faq-content faq-closed\"><p>Le nom de \u00ab bachelor \u00bb est la d\u00e9nomination la plus r\u00e9pandue \u00e0 l\u2019\u00e9tranger pour d\u00e9signer le bac+3. Le terme officiel fran\u00e7ais de \u00ab licence \u00bb \u00e9tant r\u00e9serv\u00e9 aux universit\u00e9s, les \u00e9coles priv\u00e9es ont utilis\u00e9 le nom de \u00ab bachelor \u00bb qui recouvre des r\u00e9alit\u00e9s tr\u00e8s diff\u00e9rentes. Seule l\u2019expression \u00ab Bachelor Universitaire de Technologie \u00bb (BUT) est r\u00e9serv\u00e9e aux IUT pour d\u00e9signer un dipl\u00f4me universitaire national reconnu \u00e0 bac+3. Pour bien diff\u00e9rencier les deux, il convient de se limiter \u00e0 l\u2019usage de \u00ab Bachelor Universitaire de Technologie \u00bb ou \u00ab BUT\u00bb .<\/p>\n<\/div><\/div>\n<div id=\"faq-941\" class=\"arconix-faq-wrap\"><div id=\"faq-Quellediffrenceaveclesautresbachelorsenparticulierceuxdescolesdrsquoingnieur\" class=\"arconix-faq-title faq-closed\">Quelle diff\u00e9rence avec les autres bachelors en particulier ceux des \u00e9coles d&rsquo;ing\u00e9nieur ?<\/div><div class=\"arconix-faq-content faq-closed\"><p>Le BUT est un dipl\u00f4me national, universitaire de grade licence, public, adoss\u00e9 \u00e0 la Recherche et port\u00e9 par les r\u00e9seaux des IUT d\u00e9ploy\u00e9s sur l&rsquo;ensemble des territoires<strong>.<\/strong><\/p>\n<\/div><\/div>\n<div id=\"faq-943\" class=\"arconix-faq-wrap\"><div id=\"faq-Peut-ontrouverdesBUTailleursqursquoenIUT\" class=\"arconix-faq-title faq-closed\">Peut-on trouver des BUT ailleurs qu&rsquo;en IUT ?<\/div><div class=\"arconix-faq-content faq-closed\"><p>Non, le BUT et un dipl\u00f4me exclusif aux IUT.<\/p>\n<\/div><\/div>\n<div id=\"faq-946\" class=\"arconix-faq-wrap\"><div id=\"faq-SelonquellergleleBUTest-ilobtenu\" class=\"arconix-faq-title faq-closed\">Selon quelle r\u00e8gle le BUT est-il obtenu ?<\/div><div class=\"arconix-faq-content faq-closed\"><p>Pour obtenir le BUT il faut faire l\u2019acquisition de toutes les UEs. Chaque UE est acquise quand la moyenne de l\u2019UE est \u2265 \u00e0 10.<\/p>\n<\/div><\/div>\n<div id=\"faq-948\" class=\"arconix-faq-wrap\"><div id=\"faq-Quelleestladuredesstages\" class=\"arconix-faq-title faq-closed\">Quelle est la dur\u00e9e des stages ?<\/div><div class=\"arconix-faq-content faq-closed\"><p>10 \u00e0 12 semaines sur les deux premi\u00e8res ann\u00e9es (semestres 1,2,3 et 4). 12 \u00e0 14 semaines sur la derni\u00e8re ann\u00e9e (semestre 5 et 6).<\/p>\n<\/div><\/div>\n<div id=\"faq-950\" class=\"arconix-faq-wrap\"><div id=\"faq-Existe-t-ilunedeuximesessiondrsquoexamenpourlrsquovaluationduBUT\" class=\"arconix-faq-title faq-closed\">Existe-t-il une deuxi\u00e8me session d&rsquo;examen pour l&rsquo;\u00e9valuation du BUT ?<\/div><div class=\"arconix-faq-content faq-closed\"><p>Les IUT pratiquent une \u00e9valuation continue int\u00e9grale pour laquelle il n&rsquo;est pas pr\u00e9vu de deuxi\u00e8me session d&rsquo;examens.<\/p>\n<\/div><\/div>\n<div id=\"faq-952\" class=\"arconix-faq-wrap\"><div id=\"faq-Commentsepassentlesvaluations\" class=\"arconix-faq-title faq-closed\">Comment se passent les \u00e9valuations ?<\/div><div class=\"arconix-faq-content faq-closed\"><p>Articul\u00e9 sur une approche comp\u00e9tences, le dipl\u00f4me est d\u00e9livr\u00e9 sur la validation\/acquisition des comp\u00e9tences vis\u00e9es. Les comp\u00e9tences sont \u00e9valu\u00e9es \u00e0 travers des mises en situation permettant de juger de la capacit\u00e9 de l\u2019\u00e9tudiant \u00e0 mobiliser les connaissances acquises dans une mise en situation professionnelle donc un savoir-agir contextualis\u00e9. Les comp\u00e9tences s\u2019appuyant sur la mobilisation de connaissances, celles-ci peuvent donner \u00e9galement lieu \u00e0 des \u00e9valuations en tant que validation des acquis acad\u00e9miques.<\/p>\n<\/div><\/div>\n<div id=\"faq-954\" class=\"arconix-faq-wrap\"><div id=\"faq-Est-cequavecleBUTjesuisbloqupourfairedespoursuitesdtudescommecestlecasavecunelicencepro\" class=\"arconix-faq-title faq-closed\">Est-ce qu\u2019avec le BUT je suis bloqu\u00e9 pour faire des poursuites d\u2019\u00e9tudes (comme c\u2019est le cas avec une licence pro) ?<\/div><div class=\"arconix-faq-content faq-closed\"><p>Non, le BUT est tr\u00e8s souple : il permet d\u2019entrer sur le march\u00e9 du travail (50%) ou de poursuivre ses \u00e9tudes (50%)! Le BUT est un cursus de formation \u00e0 champ large permettant d\u2019acqu\u00e9rir des comp\u00e9tences dans un champ de m\u00e9tiers et des connaissances acad\u00e9miques solides pr\u00e9parant l\u2019\u00e9tudiant \u00e0 s\u2019ins\u00e9rer tout en lui donnant les moyens de poursuivre ses \u00e9tudes.<\/p>\n<\/div><\/div>\n<div id=\"faq-956\" class=\"arconix-faq-wrap\"><div id=\"faq-SijobtiensmonBUTest-cequejepeuxintgrerunecoledingnieur\" class=\"arconix-faq-title faq-closed\">Si j\u2019obtiens mon BUT, est-ce que je peux int\u00e9grer une \u00e9cole d\u2019ing\u00e9nieur ?<\/div><div class=\"arconix-faq-content faq-closed\"><p>Apr\u00e8s le BUT, je peux toujours postuler \u00e0 des admissions parall\u00e8les en \u00e9cole. Attention, en fonction des \u00e9coles, je peux les int\u00e9grer apr\u00e8s ma troisi\u00e8me ann\u00e9e de BUT ou \u00e0 la fin de ma deuxi\u00e8me ann\u00e9e de BUT. Il faut prendre les informations aupr\u00e8s des \u00e9coles. Bien que l\u2019acc\u00e8s en master ne soit pas de droit, l\u2019\u00e9tudiant dipl\u00f4m\u00e9 d\u2019un BUT pourra candidater sur dossier \u00e0 un master.<\/p>\n<\/div><\/div>\n<div id=\"faq-958\" class=\"arconix-faq-wrap\"><div id=\"faq-Est-cequejepeuxintgrerlatroisimeannedeBUTavecmonBTS\" class=\"arconix-faq-title faq-closed\">Est-ce que je peux int\u00e9grer la troisi\u00e8me ann\u00e9e de BUT avec mon B.T.S. ?<\/div><div class=\"arconix-faq-content faq-closed\"><p>Le BUT est con\u00e7u pour permettre son int\u00e9gration \u00e0 diff\u00e9rents moments dans le cursus, mais toujours apr\u00e8s d\u00e9lib\u00e9ration d\u2019un jury. Des BTS pourront rentrer en BUT (via la plate-forme e-candidat) mais apr\u00e8s \u00e9valuation de leur dossier et selon des pr\u00e9conisations sp\u00e9cifiques (donc parfois directement mais aussi \u00e9ventuellement avec la n\u00e9cessit\u00e9 de valider des comp\u00e9tences particuli\u00e8res avant d\u2019entrer en 3\u00e8me ann\u00e9e).<\/p>\n<\/div><\/div>\n<div class=\"hr-fade \"><\/div>\n<div class=\"tds-message-box box-info \"><\/p>\n<h2><span style=\"color: #89be39;\">Questions fr\u00e9quentes \u00e0 propos de l&rsquo;alternance<br \/><\/span><\/h2>\n<p><\/div>\n<div id=\"faq-964\" class=\"arconix-faq-wrap\"><div id=\"faq-Leprogrammeest-illemmeenformationinitialeetenformationparapprentissage\" class=\"arconix-faq-title faq-closed\">Le programme est-il le m\u00eame en formation initiale et en formation par apprentissage ?<\/div><div class=\"arconix-faq-content faq-closed\"><p>Oui, le programme est le m\u00eame, mais suivi \u00e0 hauteur de 80% par les apprentis ; les 20 % restants sont compens\u00e9s gr\u00e2ce aux apprentissages en entreprise.<\/p>\n<\/div><\/div>\n<div id=\"faq-966\" class=\"arconix-faq-wrap\"><div id=\"faq-Y-a-t-ilungelimitepourdevenirapprenti\" class=\"arconix-faq-title faq-closed\">Y-a-t-il un \u00e2ge limite pour devenir apprenti ?<\/div><div class=\"arconix-faq-content faq-closed\"><p>Il faut avoir moins de 26 ans ; au-del\u00e0 de 26 ans, il est possible d\u2019avoir un contrat de professionnalisation.<\/p>\n<\/div><\/div>\n<div id=\"faq-968\" class=\"arconix-faq-wrap\"><div id=\"faq-Quelssontlespr-requisncessairespourintgreruneformationenapprentissage\" class=\"arconix-faq-title faq-closed\">Quels sont les pr\u00e9-requis n\u00e9cessaires pour int\u00e9grer une formation en apprentissage ?<\/div><div class=\"arconix-faq-content faq-closed\"><ul>\n<li>Si l&rsquo;int\u00e9gration se fait en BUT 2 : validation du BUT 1 GB (ou d\u2019un \u00e9quivalent BAC +1 ou BAC +2 dans un domaine similaire)<\/li>\n<li>Si l&rsquo;int\u00e9gration se fait en BUT 3 : validation du BUT 2 GB (ou d\u2019un \u00e9quivalent BAC +2 ou 3 dans un domaine similaire)<\/li>\n<\/ul>\n<p>Des entretiens seront mis en place pour valider les pr\u00e9-requis<\/p>\n<\/div><\/div>\n<div id=\"faq-970\" class=\"arconix-faq-wrap\"><div id=\"faq-Est-celapprentidetrouversonentreprisedaccueil\" class=\"arconix-faq-title faq-closed\">Est-ce \u00e0 l\u2019apprenti de trouver son entreprise d\u2019accueil ?<\/div><div class=\"arconix-faq-content faq-closed\"><p>Oui, c\u2019est \u00e0 l\u2019apprenti de trouver son entreprise d\u2019accueil. Il est toutefois aid\u00e9 par le service apprentissage de l\u2019IUT.<\/p>\n<\/div><\/div>\n<div id=\"faq-972\" class=\"arconix-faq-wrap\"><div id=\"faq-Aquelorganismedescuritsocialeunapprentidoit-iladhrer\" class=\"arconix-faq-title faq-closed\">A quel organisme de s\u00e9curit\u00e9 sociale un apprenti doit-il adh\u00e9rer ?<\/div><div class=\"arconix-faq-content faq-closed\"><p>Un apprenti doit adh\u00e9rer \u00e0 l\u2019organisme de s\u00e9curit\u00e9 sociale de l\u2019entreprise dans laquelle il se trouve.<\/p>\n<\/div><\/div>\n<div id=\"faq-974\" class=\"arconix-faq-wrap\"><div id=\"faq-Quellermunrationvais-jeobtenirencontratdapprentissage\" class=\"arconix-faq-title faq-closed\">Quelle r\u00e9mun\u00e9ration vais-je obtenir en contrat d\u2019apprentissage ?<\/div><div class=\"arconix-faq-content faq-closed\"><ul>\n<li>Si j\u2019ai moins de 21 ans\u00a0 et que je suis en :\n<ul>\n<li>2\u00e8me ann\u00e9e BUT : 49 % du smic<\/li>\n<li>3\u00e8me ann\u00e9e BUT : 65 % du smic<\/li>\n<\/ul>\n<\/li>\n<\/ul>\n<ul>\n<li>Si j\u2019ai 21 ans et +\u00a0et que je suis en :\n<ul>\n<li>2\u00e8me ann\u00e9e BUT : 61 % du smic<\/li>\n<li>3\u00e8me ann\u00e9e BUT : 78 % du smic<\/li>\n<\/ul>\n<\/li>\n<\/ul>\n<\/div><\/div>\n<div id=\"faq-976\" class=\"arconix-faq-wrap\"><div id=\"faq-Aurais-jetoujoursledroitauxvacancesscolairessijesuisapprenti\" class=\"arconix-faq-title faq-closed\">Aurais-je toujours le droit aux vacances scolaires si je suis apprenti ?<\/div><div class=\"arconix-faq-content faq-closed\"><p>Non, vous n\u2019aurez plus le droit aux vacances scolaires. En tant que salari\u00e9, vous b\u00e9n\u00e9ficierez de 5 semaines de vacances, selon votre convention.<\/p>\n<\/div><\/div>\n<div id=\"faq-978\" class=\"arconix-faq-wrap\"><div id=\"faq-Est-cequunBUTenapprentissageestreconnuaummetitrequunBUTenformationinitiale\" class=\"arconix-faq-title faq-closed\">Est-ce qu\u2019un BUT en apprentissage est reconnu au m\u00eame titre qu\u2019un BUT en formation initiale ?<\/div><div class=\"arconix-faq-content faq-closed\"><p>Oui, un BUT en apprentissage est reconnu au m\u00eame titre qu\u2019un BUT en formation initiale.<\/p>\n<\/div><\/div>\n","protected":false},"excerpt":{"rendered":"","protected":false},"author":1,"featured_media":0,"parent":0,"menu_order":0,"comment_status":"closed","ping_status":"closed","template":"","meta":{"footnotes":""},"class_list":["post-985","page","type-page","status-publish","hentry"],"_links":{"self":[{"href":"https:\/\/gb.iut-amiens.fr\/index.php?rest_route=\/wp\/v2\/pages\/985","targetHints":{"allow":["GET"]}}],"collection":[{"href":"https:\/\/gb.iut-amiens.fr\/index.php?rest_route=\/wp\/v2\/pages"}],"about":[{"href":"https:\/\/gb.iut-amiens.fr\/index.php?rest_route=\/wp\/v2\/types\/page"}],"author":[{"embeddable":true,"href":"https:\/\/gb.iut-amiens.fr\/index.php?rest_route=\/wp\/v2\/users\/1"}],"replies":[{"embeddable":true,"href":"https:\/\/gb.iut-amiens.fr\/index.php?rest_route=%2Fwp%2Fv2%2Fcomments&post=985"}],"version-history":[{"count":3,"href":"https:\/\/gb.iut-amiens.fr\/index.php?rest_route=\/wp\/v2\/pages\/985\/revisions"}],"predecessor-version":[{"id":988,"href":"https:\/\/gb.iut-amiens.fr\/index.php?rest_route=\/wp\/v2\/pages\/985\/revisions\/988"}],"wp:attachment":[{"href":"https:\/\/gb.iut-amiens.fr\/index.php?rest_route=%2Fwp%2Fv2%2Fmedia&parent=985"}],"curies":[{"name":"wp","href":"https:\/\/api.w.org\/{rel}","templated":true}]}}